{"id":423,"date":"2020-05-10T14:13:07","date_gmt":"2020-05-10T12:13:07","guid":{"rendered":"https:\/\/voile-escalade.com\/vertigoblue\/vela-escalada\/?page_id=423"},"modified":"2020-05-10T14:13:09","modified_gmt":"2020-05-10T12:13:09","slug":"aviso-legal","status":"publish","type":"page","link":"https:\/\/voile-escalade.com\/vertigoblue\/vela-escalada\/aviso-legal\/","title":{"rendered":"Aviso Legal"},"content":{"rendered":"<p>[et_pb_section fb_built=\u00bb1&#8243; fullwidth=\u00bbon\u00bb _builder_version=\u00bb4.3.4&#8243;][et_pb_fullwidth_header title=\u00bbAVISO LEGAL\u00bb _builder_version=\u00bb4.3.4&#8243; background_enable_color=\u00bboff\u00bb background_image=\u00bbhttps:\/\/voile-escalade.com\/vertigoblue\/vela-escalada\/wp-content\/uploads\/sites\/4\/2020\/05\/mention-legales-vertigoblue.jpg\u00bb background_size=\u00bbinitial\u00bb custom_padding=\u00bb127px||175px|||\u00bb hover_enabled=\u00bb0&#8243;][\/et_pb_fullwidth_header][\/et_pb_section][et_pb_section fb_built=\u00bb1&#8243; top_divider_height=\u00bb60px\u00bb _builder_version=\u00bb4.3.4&#8243;][et_pb_row _builder_version=\u00bb4.3.4&#8243;][et_pb_column type=\u00bb4_4&#8243; _builder_version=\u00bb4.3.4&#8243;][et_pb_text _builder_version=\u00bb4.3.4&#8243; text_font=\u00bbRoboto|300|||||||\u00bb hover_enabled=\u00bb0&#8243;]<\/p>\n<p><strong>AVISO LEGAL<br \/><\/strong><\/p>\n<p>V\u00e9rtigo Blue &#8211; Vela y escalada en el Mar Mediterr\u00e1neo<\/p>\n<p><strong>PRE\u00c1MBULO<\/strong><\/p>\n<p>El presente documento tiene por objeto definir los t\u00e9rminos y condiciones bajo los cuales, por un lado, V\u00e9rtigo Blue, en adelante denominado el EDITOR, pone a disposici\u00f3n de sus usuarios el sitio y los servicios disponibles en el mismo y, por otro lado, la forma en que el usuario accede al sitio y utiliza sus servicios. Cualquier conexi\u00f3n con el sitio est\u00e1 sujeta al cumplimiento de estas condiciones. Para el usuario, el simple acceso al sitio del EDITOR en la siguiente direcci\u00f3n URL https:\/\/vertigoblue.fr, https\/\/voile-escalade.com y\/o alias implica la aceptaci\u00f3n de todas las condiciones descritas a continuaci\u00f3n.<\/p>\n<p><strong>EDITORIAL<\/strong><\/p>\n<p>Los sitios vertigoblue.fr y voile-escalade.com estan publicados por :<\/p>\n<p>Sarah Marquina y Andrea ZeccaEscalera<br \/>\u00a08, R\u00e9sidence Le Muscat, Rue Michel Clerc,<br \/>34110 La Peyrade-Frontignan, Francia<\/p>\n<p>Tel : +33 (0)6 22 47 66 78<br \/>Email : contact[arobas]vertigoblue.fr<\/p>\n<p><em>Vertigo Blue es una empresa en proceso de creaci\u00f3n. La informaci\u00f3n jur\u00eddica relativa a ella estar\u00e1 disponible tan pronto como la empresa entre en vigor.<\/em><\/p>\n<p>Responsables del sitio: Sarah Marquina y Andrea Zecca \/ Direcci\u00f3n electr\u00f3nica de contacto: contact[arobas]vertigoblue.fr<\/p>\n<p><strong>INTEGRADORES DEL SITIO :<\/strong><\/p>\n<p>&#8211; MediaPlurielBP<br \/>\u00a030 002 &#8211; 5 rue Isaac Newton 34111 Frontignan<br \/><a href=\"http:\/\/www.mediapluriel.com\">www.mediapluriel.com<\/a><\/p>\n<p><strong>ALOJAMIENTO DEL SITIO :<\/strong><\/p>\n<p>Alojamiento : InfoWeb &#8211; en servidores situados en Francia (Montpellier o Clermont-Ferrand)<\/p>\n<p><strong>CR\u00c9DITOS \/ DERECHOS DE AUTOR \/ CESIONARIOS<\/strong><\/p>\n<p>Propiedad intelectual. <br \/>La estructura general del sitio, as\u00ed como los textos, gr\u00e1ficos, im\u00e1genes, sonidos y v\u00eddeos que lo componen, son propiedad del editor, de los titulares de los derechos de los contenidos o del Dise\u00f1ador\/Integrador. Cualquier representaci\u00f3n y\/o reproducci\u00f3n y\/o explotaci\u00f3n parcial o total de los contenidos y servicios ofrecidos por el sitio vertigoblue.fr y voile-escalade.com, por cualquier procedimiento, sin la autorizaci\u00f3n previa y por escrito del propietario del sitio, del dise\u00f1ador del sitio o del autor de las fotos, est\u00e1 estrictamente prohibida y podr\u00eda constituir una infracci\u00f3n en el sentido de los art\u00edculos L 335-2 y siguientes del C\u00f3digo de la Propiedad Intelectual.<\/p>\n<p>Las marcas o nombres \u00abvertigoblue.fr\u00bb, \u00abVertigo Blue\u00bb, son marcas o nombres de dominio pertenecientes al editor.<\/p>\n<p>Cualquier representaci\u00f3n y\/o reproducci\u00f3n y\/o explotaci\u00f3n parcial o total de estas marcas, de cualquier naturaleza, est\u00e1 totalmente prohibida. No se puede realizar ninguna reproducci\u00f3n, ni siquiera parcial, seg\u00fan lo dispuesto en el art\u00edculo L.122-5 del C\u00f3digo de la Propiedad Intelectual, sin la autorizaci\u00f3n de los titulares de los derechos de autor. Se autoriza la reproducci\u00f3n de las p\u00e1ginas de este sitio a condici\u00f3n de que se mencione la fuente. No pueden utilizarse con fines comerciales o publicitarios.<\/p>\n<p>Las fotograf\u00edas de este sitio provienen de las siguientes fuentes:<\/p>\n<p>Sarah Marquina<br \/>Andrea Zecca<br \/>Sofia Avila<\/p>\n<p>Agencia Pixabay : https:\/\/pixabay.com\/fr\/<\/p>\n<p><strong>PROTECCI\u00d3N DE DATOS PERSONALES<\/strong><\/p>\n<p>La consulta de la p\u00e1gina web vertigoblue.fr y de voile-escalade.com, voile &amp; escalade en M\u00e9diterran\u00e9e, es posible sin tener que revelar su identidad o cualquier otro dato personal que le concierna.<\/p>\n<p>En lo que se refiere a las informaciones de car\u00e1cter personal que usted nos comunicar\u00eda, usted se beneficia de un derecho de acceso, de modificaci\u00f3n, de rectificaci\u00f3n y\/o de supresi\u00f3n conforme a la ley relativa a la protecci\u00f3n de las personas f\u00edsicas en materia de tratamiento de datos de car\u00e1cter personal n\u00b02004-801 del 6 de agosto de 2004<br \/>.para ejercer este derecho, s\u00edrvase enviar un mensaje a la direcci\u00f3n de correo electr\u00f3nico arriba indicada.<\/p>\n<p>En todo caso, la informaci\u00f3n contenida en este sitio es de car\u00e1cter general e informativo y no tiene valor contractual.<\/p>\n<p><strong>COOKIES<\/strong><\/p>\n<p>Una cookie es un peque\u00f1o archivo de texto enviado por un sitio web a su navegador y almacenado en su ordenador. Se utiliza para registrar los datos relativos a la navegaci\u00f3n de su ordenador en nuestro sitio (que se almacenan indefinidamente en su ordenador) y para ofrecerle informaci\u00f3n personalizada permitiendo a nuestro servidor identificarlo o proporcionarle una mejor experiencia de navegaci\u00f3n.<\/p>\n<p>Puede visitar nuestro sitio desactivando esta opci\u00f3n en su navegador o configurando su ordenador de la siguiente manera: Herramientas, luego Opciones de Internet, luego Privacidad, luego Avanzado, luego Cookies internas &#8211; rechazar (dependiendo de su navegador)<\/p>\n<p><strong>LEY APLICABLE Y JURISDICCI\u00d3N<\/strong><\/p>\n<p>Los sitios web www.vertigoblue.fr y voile-escalade.com y el presente aviso legal est\u00e1n sujetos a la legislaci\u00f3n francesa y el texto escrito en franc\u00e9s es el aut\u00e9ntico. La jurisdicci\u00f3n exclusiva se otorga a los tribunales competentes de Montpellier.<\/p>\n<p>[\/et_pb_text][\/et_pb_column][\/et_pb_row][\/et_pb_section]<\/p>\n","protected":false},"excerpt":{"rendered":"<p>AVISO LEGAL V\u00e9rtigo Blue &#8211; Vela y escalada en el Mar Mediterr\u00e1neo PRE\u00c1MBULO El presente documento tiene por objeto definir los t\u00e9rminos y condiciones bajo los cuales, por un lado, V\u00e9rtigo Blue, en adelante denominado el EDITOR, pone a disposici\u00f3n de sus usuarios el sitio y los servicios disponibles en el mismo y, por otro [&hellip;]<\/p>\n","protected":false},"author":2,"featured_media":0,"parent":0,"menu_order":0,"comment_status":"closed","ping_status":"closed","template":"","meta":{"_et_pb_use_builder":"on","_et_pb_old_content":"","_et_gb_content_width":""},"yoast_head":"<!-- This site is optimized with the Yoast SEO plugin v20.2.1 - https:\/\/yoast.com\/wordpress\/plugins\/seo\/ -->\n<title>Aviso Legal - Vela y escalada en Mediterraneo<\/title>\n<meta name=\"robots\" content=\"index, follow, max-snippet:-1, max-image-preview:large, max-video-preview:-1\" \/>\n<link rel=\"canonical\" href=\"https:\/\/voile-escalade.com\/vertigoblue\/vela-escalada\/aviso-legal\/\" \/>\n<meta property=\"og:locale\" content=\"es_ES\" \/>\n<meta property=\"og:type\" content=\"article\" \/>\n<meta property=\"og:title\" content=\"Aviso Legal - Vela y escalada en Mediterraneo\" \/>\n<meta property=\"og:description\" content=\"AVISO LEGAL V\u00e9rtigo Blue - Vela y escalada en el Mar Mediterr\u00e1neo PRE\u00c1MBULO El presente documento tiene por objeto definir los t\u00e9rminos y condiciones bajo los cuales, por un lado, V\u00e9rtigo Blue, en adelante denominado el EDITOR, pone a disposici\u00f3n de sus usuarios el sitio y los servicios disponibles en el mismo y, por otro [&hellip;]\" \/>\n<meta property=\"og:url\" content=\"https:\/\/voile-escalade.com\/vertigoblue\/vela-escalada\/aviso-legal\/\" \/>\n<meta property=\"og:site_name\" content=\"Vela y escalada en Mediterraneo\" \/>\n<meta property=\"article:modified_time\" content=\"2020-05-10T12:13:09+00:00\" \/>\n<meta name=\"twitter:card\" content=\"summary_large_image\" \/>\n<meta name=\"twitter:label1\" content=\"Tiempo de lectura\" \/>\n\t<meta name=\"twitter:data1\" content=\"4 minutos\" \/>\n<script type=\"application\/ld+json\" class=\"yoast-schema-graph\">{\"@context\":\"https:\/\/schema.org\",\"@graph\":[{\"@type\":\"WebPage\",\"@id\":\"https:\/\/voile-escalade.com\/vertigoblue\/vela-escalada\/aviso-legal\/\",\"url\":\"https:\/\/voile-escalade.com\/vertigoblue\/vela-escalada\/aviso-legal\/\",\"name\":\"Aviso Legal - Vela y escalada en Mediterraneo\",\"isPartOf\":{\"@id\":\"https:\/\/voile-escalade.com\/vertigoblue\/vela-escalada\/#website\"},\"datePublished\":\"2020-05-10T12:13:07+00:00\",\"dateModified\":\"2020-05-10T12:13:09+00:00\",\"breadcrumb\":{\"@id\":\"https:\/\/voile-escalade.com\/vertigoblue\/vela-escalada\/aviso-legal\/#breadcrumb\"},\"inLanguage\":\"es\",\"potentialAction\":[{\"@type\":\"ReadAction\",\"target\":[\"https:\/\/voile-escalade.com\/vertigoblue\/vela-escalada\/aviso-legal\/\"]}]},{\"@type\":\"BreadcrumbList\",\"@id\":\"https:\/\/voile-escalade.com\/vertigoblue\/vela-escalada\/aviso-legal\/#breadcrumb\",\"itemListElement\":[{\"@type\":\"ListItem\",\"position\":1,\"name\":\"Accueil\",\"item\":\"https:\/\/voile-escalade.com\/vertigoblue\/vela-escalada\/\"},{\"@type\":\"ListItem\",\"position\":2,\"name\":\"Aviso Legal\"}]},{\"@type\":\"WebSite\",\"@id\":\"https:\/\/voile-escalade.com\/vertigoblue\/vela-escalada\/#website\",\"url\":\"https:\/\/voile-escalade.com\/vertigoblue\/vela-escalada\/\",\"name\":\"Vela y escalada en Mediterraneo\",\"description\":\"Viajes deportivos vela y escalada\",\"potentialAction\":[{\"@type\":\"SearchAction\",\"target\":{\"@type\":\"EntryPoint\",\"urlTemplate\":\"https:\/\/voile-escalade.com\/vertigoblue\/vela-escalada\/?s={search_term_string}\"},\"query-input\":\"required name=search_term_string\"}],\"inLanguage\":\"es\"}]}<\/script>\n<!-- \/ Yoast SEO plugin. -->","yoast_head_json":{"title":"Aviso Legal - Vela y escalada en Mediterraneo","robots":{"index":"index","follow":"follow","max-snippet":"max-snippet:-1","max-image-preview":"max-image-preview:large","max-video-preview":"max-video-preview:-1"},"canonical":"https:\/\/voile-escalade.com\/vertigoblue\/vela-escalada\/aviso-legal\/","og_locale":"es_ES","og_type":"article","og_title":"Aviso Legal - Vela y escalada en Mediterraneo","og_description":"AVISO LEGAL V\u00e9rtigo Blue - Vela y escalada en el Mar Mediterr\u00e1neo PRE\u00c1MBULO El presente documento tiene por objeto definir los t\u00e9rminos y condiciones bajo los cuales, por un lado, V\u00e9rtigo Blue, en adelante denominado el EDITOR, pone a disposici\u00f3n de sus usuarios el sitio y los servicios disponibles en el mismo y, por otro [&hellip;]","og_url":"https:\/\/voile-escalade.com\/vertigoblue\/vela-escalada\/aviso-legal\/","og_site_name":"Vela y escalada en Mediterraneo","article_modified_time":"2020-05-10T12:13:09+00:00","twitter_card":"summary_large_image","twitter_misc":{"Tiempo de lectura":"4 minutos"},"schema":{"@context":"https:\/\/schema.org","@graph":[{"@type":"WebPage","@id":"https:\/\/voile-escalade.com\/vertigoblue\/vela-escalada\/aviso-legal\/","url":"https:\/\/voile-escalade.com\/vertigoblue\/vela-escalada\/aviso-legal\/","name":"Aviso Legal - Vela y escalada en Mediterraneo","isPartOf":{"@id":"https:\/\/voile-escalade.com\/vertigoblue\/vela-escalada\/#website"},"datePublished":"2020-05-10T12:13:07+00:00","dateModified":"2020-05-10T12:13:09+00:00","breadcrumb":{"@id":"https:\/\/voile-escalade.com\/vertigoblue\/vela-escalada\/aviso-legal\/#breadcrumb"},"inLanguage":"es","potentialAction":[{"@type":"ReadAction","target":["https:\/\/voile-escalade.com\/vertigoblue\/vela-escalada\/aviso-legal\/"]}]},{"@type":"BreadcrumbList","@id":"https:\/\/voile-escalade.com\/vertigoblue\/vela-escalada\/aviso-legal\/#breadcrumb","itemListElement":[{"@type":"ListItem","position":1,"name":"Accueil","item":"https:\/\/voile-escalade.com\/vertigoblue\/vela-escalada\/"},{"@type":"ListItem","position":2,"name":"Aviso Legal"}]},{"@type":"WebSite","@id":"https:\/\/voile-escalade.com\/vertigoblue\/vela-escalada\/#website","url":"https:\/\/voile-escalade.com\/vertigoblue\/vela-escalada\/","name":"Vela y escalada en Mediterraneo","description":"Viajes deportivos vela y escalada","potentialAction":[{"@type":"SearchAction","target":{"@type":"EntryPoint","urlTemplate":"https:\/\/voile-escalade.com\/vertigoblue\/vela-escalada\/?s={search_term_string}"},"query-input":"required name=search_term_string"}],"inLanguage":"es"}]}},"_links":{"self":[{"href":"https:\/\/voile-escalade.com\/vertigoblue\/vela-escalada\/wp-json\/wp\/v2\/pages\/423"}],"collection":[{"href":"https:\/\/voile-escalade.com\/vertigoblue\/vela-escalada\/wp-json\/wp\/v2\/pages"}],"about":[{"href":"https:\/\/voile-escalade.com\/vertigoblue\/vela-escalada\/wp-json\/wp\/v2\/types\/page"}],"author":[{"embeddable":true,"href":"https:\/\/voile-escalade.com\/vertigoblue\/vela-escalada\/wp-json\/wp\/v2\/users\/2"}],"replies":[{"embeddable":true,"href":"https:\/\/voile-escalade.com\/vertigoblue\/vela-escalada\/wp-json\/wp\/v2\/comments?post=423"}],"version-history":[{"count":2,"href":"https:\/\/voile-escalade.com\/vertigoblue\/vela-escalada\/wp-json\/wp\/v2\/pages\/423\/revisions"}],"predecessor-version":[{"id":426,"href":"https:\/\/voile-escalade.com\/vertigoblue\/vela-escalada\/wp-json\/wp\/v2\/pages\/423\/revisions\/426"}],"wp:attachment":[{"href":"https:\/\/voile-escalade.com\/vertigoblue\/vela-escalada\/wp-json\/wp\/v2\/media?parent=423"}],"curies":[{"name":"wp","href":"https:\/\/api.w.org\/{rel}","templated":true}]}}

<p>[et_pb_section fb_built=»1&#8243; fullwidth=»on» _builder_version=»4.3.4&#8243;][et_pb_fullwidth_header title=»AVISO LEGAL» _builder_version=»4.3.4&#8243; background_enable_color=»off» background_image=»https://voile-escalade.com/vertigoblue/vela-escalada/wp-content/uploads/sites/4/2020/05/mention-legales-vertigoblue.jpg» background_size=»initial» custom_padding=»127px||175px|||» hover_enabled=»0&#8243;][/et_pb_fullwidth_header][/et_pb_section][et_pb_section fb_built=»1&#8243; top_divider_height=»60px» _builder_version=»4.3.4&#8243;][et_pb_row _builder_version=»4.3.4&#8243;][et_pb_column type=»4_4&#8243; _builder_version=»4.3.4&#8243;][et_pb_text _builder_version=»4.3.4&#8243; text_font=»Roboto|300|||||||» hover_enabled=»0&#8243;]</p>
<p><strong>AVISO LEGAL<br /></strong></p>
<p>Vértigo Blue &#8211; Vela y escalada en el Mar Mediterráneo</p>
<p><strong>PREÁMBULO</strong></p>
<p>El presente documento tiene por objeto definir los términos y condiciones bajo los cuales, por un lado, Vértigo Blue, en adelante denominado el EDITOR, pone a disposición de sus usuarios el sitio y los servicios disponibles en el mismo y, por otro lado, la forma en que el usuario accede al sitio y utiliza sus servicios. Cualquier conexión con el sitio está sujeta al cumplimiento de estas condiciones. Para el usuario, el simple acceso al sitio del EDITOR en la siguiente dirección URL https://vertigoblue.fr, https//voile-escalade.com y/o alias implica la aceptación de todas las condiciones descritas a continuación.</p>
<p><strong>EDITORIAL</strong></p>
<p>Los sitios vertigoblue.fr y voile-escalade.com estan publicados por :</p>
<p>Sarah Marquina y Andrea ZeccaEscalera<br /> 8, Résidence Le Muscat, Rue Michel Clerc,<br />34110 La Peyrade-Frontignan, Francia</p>
<p>Tel : +33 (0)6 22 47 66 78<br />Email : contact[arobas]vertigoblue.fr</p>
<p><em>Vertigo Blue es una empresa en proceso de creación. La información jurídica relativa a ella estará disponible tan pronto como la empresa entre en vigor.</em></p>
<p>Responsables del sitio: Sarah Marquina y Andrea Zecca / Dirección electrónica de contacto: contact[arobas]vertigoblue.fr</p>
<p><strong>INTEGRADORES DEL SITIO :</strong></p>
<p>&#8211; MediaPlurielBP<br /> 30 002 &#8211; 5 rue Isaac Newton 34111 Frontignan<br /><a href="http://www.mediapluriel.com">www.mediapluriel.com</a></p>
<p><strong>ALOJAMIENTO DEL SITIO :</strong></p>
<p>Alojamiento : InfoWeb &#8211; en servidores situados en Francia (Montpellier o Clermont-Ferrand)</p>
<p><strong>CRÉDITOS / DERECHOS DE AUTOR / CESIONARIOS</strong></p>
<p>Propiedad intelectual. <br />La estructura general del sitio, así como los textos, gráficos, imágenes, sonidos y vídeos que lo componen, son propiedad del editor, de los titulares de los derechos de los contenidos o del Diseñador/Integrador. Cualquier representación y/o reproducción y/o explotación parcial o total de los contenidos y servicios ofrecidos por el sitio vertigoblue.fr y voile-escalade.com, por cualquier procedimiento, sin la autorización previa y por escrito del propietario del sitio, del diseñador del sitio o del autor de las fotos, está estrictamente prohibida y podría constituir una infracción en el sentido de los artículos L 335-2 y siguientes del Código de la Propiedad Intelectual.</p>
<p>Las marcas o nombres «vertigoblue.fr», «Vertigo Blue», son marcas o nombres de dominio pertenecientes al editor.</p>
<p>Cualquier representación y/o reproducción y/o explotación parcial o total de estas marcas, de cualquier naturaleza, está totalmente prohibida. No se puede realizar ninguna reproducción, ni siquiera parcial, según lo dispuesto en el artículo L.122-5 del Código de la Propiedad Intelectual, sin la autorización de los titulares de los derechos de autor. Se autoriza la reproducción de las páginas de este sitio a condición de que se mencione la fuente. No pueden utilizarse con fines comerciales o publicitarios.</p>
<p>Las fotografías de este sitio provienen de las siguientes fuentes:</p>
<p>Sarah Marquina<br />Andrea Zecca<br />Sofia Avila</p>
<p>Agencia Pixabay : https://pixabay.com/fr/</p>
<p><strong>PROTECCIÓN DE DATOS PERSONALES</strong></p>
<p>La consulta de la página web vertigoblue.fr y de voile-escalade.com, voile &amp; escalade en Méditerranée, es posible sin tener que revelar su identidad o cualquier otro dato personal que le concierna.</p>
<p>En lo que se refiere a las informaciones de carácter personal que usted nos comunicaría, usted se beneficia de un derecho de acceso, de modificación, de rectificación y/o de supresión conforme a la ley relativa a la protección de las personas físicas en materia de tratamiento de datos de carácter personal n°2004-801 del 6 de agosto de 2004<br />.para ejercer este derecho, sírvase enviar un mensaje a la dirección de correo electrónico arriba indicada.</p>
<p>En todo caso, la información contenida en este sitio es de carácter general e informativo y no tiene valor contractual.</p>
<p><strong>COOKIES</strong></p>
<p>Una cookie es un pequeño archivo de texto enviado por un sitio web a su navegador y almacenado en su ordenador. Se utiliza para registrar los datos relativos a la navegación de su ordenador en nuestro sitio (que se almacenan indefinidamente en su ordenador) y para ofrecerle información personalizada permitiendo a nuestro servidor identificarlo o proporcionarle una mejor experiencia de navegación.</p>
<p>Puede visitar nuestro sitio desactivando esta opción en su navegador o configurando su ordenador de la siguiente manera: Herramientas, luego Opciones de Internet, luego Privacidad, luego Avanzado, luego Cookies internas &#8211; rechazar (dependiendo de su navegador)</p>
<p><strong>LEY APLICABLE Y JURISDICCIÓN</strong></p>
<p>Los sitios web www.vertigoblue.fr y voile-escalade.com y el presente aviso legal están sujetos a la legislación francesa y el texto escrito en francés es el auténtico. La jurisdicción exclusiva se otorga a los tribunales competentes de Montpellier.</p>
<p>[/et_pb_text][/et_pb_column][/et_pb_row][/et_pb_section]</p>

<p>AVISO LEGAL Vértigo Blue &#8211; Vela y escalada en el Mar Mediterráneo PREÁMBULO El presente documento tiene por objeto definir los términos y condiciones bajo los cuales, por un lado, Vértigo Blue, en adelante denominado el EDITOR, pone a disposición de sus usuarios el sitio y los servicios disponibles en el mismo y, por otro [&hellip;]</p>

<!-- This site is optimized with the Yoast SEO plugin v20.2.1 - https://yoast.com/wordpress/plugins/seo/ -->
<title>Aviso Legal - Vela y escalada en Mediterraneo</title>
<meta name="robots" content="index, follow, max-snippet:-1, max-image-preview:large, max-video-preview:-1" />
<link rel="canonical" href="https://voile-escalade.com/vertigoblue/vela-escalada/aviso-legal/" />
<meta property="og:locale" content="es_ES" />
<meta property="og:type" content="article" />
<meta property="og:title" content="Aviso Legal - Vela y escalada en Mediterraneo" />
<meta property="og:description" content="AVISO LEGAL Vértigo Blue - Vela y escalada en el Mar Mediterráneo PREÁMBULO El presente documento tiene por objeto definir los términos y condiciones bajo los cuales, por un lado, Vértigo Blue, en adelante denominado el EDITOR, pone a disposición de sus usuarios el sitio y los servicios disponibles en el mismo y, por otro [&hellip;]" />
<meta property="og:url" content="https://voile-escalade.com/vertigoblue/vela-escalada/aviso-legal/" />
<meta property="og:site_name" content="Vela y escalada en Mediterraneo" />
<meta property="article:modified_time" content="2020-05-10T12:13:09+00:00" />
<meta name="twitter:card" content="summary_large_image" />
<meta name="twitter:label1" content="Tiempo de lectura" />
	<meta name="twitter:data1" content="4 minutos" />
<script type="application/ld+json" class="yoast-schema-graph">{"@context":"https://schema.org","@graph":[{"@type":"WebPage","@id":"https://voile-escalade.com/vertigoblue/vela-escalada/aviso-legal/","url":"https://voile-escalade.com/vertigoblue/vela-escalada/aviso-legal/","name":"Aviso Legal - Vela y escalada en Mediterraneo","isPartOf":{"@id":"https://voile-escalade.com/vertigoblue/vela-escalada/#website"},"datePublished":"2020-05-10T12:13:07+00:00","dateModified":"2020-05-10T12:13:09+00:00","breadcrumb":{"@id":"https://voile-escalade.com/vertigoblue/vela-escalada/aviso-legal/#breadcrumb"},"inLanguage":"es","potentialAction":[{"@type":"ReadAction","target":["https://voile-escalade.com/vertigoblue/vela-escalada/aviso-legal/"]}]},{"@type":"BreadcrumbList","@id":"https://voile-escalade.com/vertigoblue/vela-escalada/aviso-legal/#breadcrumb","itemListElement":[{"@type":"ListItem","position":1,"name":"Accueil","item":"https://voile-escalade.com/vertigoblue/vela-escalada/"},{"@type":"ListItem","position":2,"name":"Aviso Legal"}]},{"@type":"WebSite","@id":"https://voile-escalade.com/vertigoblue/vela-escalada/#website","url":"https://voile-escalade.com/vertigoblue/vela-escalada/","name":"Vela y escalada en Mediterraneo","description":"Viajes deportivos vela y escalada","potentialAction":[{"@type":"SearchAction","target":{"@type":"EntryPoint","urlTemplate":"https://voile-escalade.com/vertigoblue/vela-escalada/?s={search_term_string}"},"query-input":"required name=search_term_string"}],"inLanguage":"es"}]}</script>
<!-- / Yoast SEO plugin. -->

AVISO LEGAL Vértigo Blue - Vela y escalada en el Mar Mediterráneo PREÁMBULO El presente documento tiene por objeto definir los términos y condiciones bajo los cuales, por un lado, Vértigo Blue, en adelante denominado el EDITOR, pone a disposición de sus usuarios el sitio y los servicios disponibles en el mismo y, por otro [&hellip;]
